{"id":37,"date":"2024-05-08T10:21:22","date_gmt":"2024-05-08T13:21:22","guid":{"rendered":"https:\/\/graduacao.uel.br\/letras-frances\/?page_id=37"},"modified":"2024-05-14T14:56:09","modified_gmt":"2024-05-14T17:56:09","slug":"matriz-curricular","status":"publish","type":"page","link":"https:\/\/graduacao.uel.br\/letras-frances\/matriz-curricular\/","title":{"rendered":"Matriz Curricular"},"content":{"rendered":"\n<p>Para os estudantes que\u00a0<strong>ingressaram antes de 2023<\/strong>, a Matriz Curricular vigente \u00e9 a seguinte:\u00a0<strong><a href=\"https:\/\/sites.uel.br\/prograd\/wp-content\/uploads\/catalogo_cursos\/2020\/organizacao_curricular\/letras_lingua_cultura_francesas.pdf\">Matriz Curricular<\/a><\/strong>.<\/p>\n\n\n\n<p><strong>A partir de 2023<\/strong>, ap\u00f3s reformula\u00e7\u00e3o curricular do Projeto Pedag\u00f3gico do Curso de Letras-Franc\u00eas, a Matriz Curricular vigente passou a <\/p>\n\n\n\n<p>ser a seguinte:\u00a0<strong><a href=\"https:\/\/sites.uel.br\/prograd\/wp-content\/uploads\/catalogo_cursos\/2023\/organizacao_curricular\/letras_lingua_cultura_francesas.pdf\">Matriz Curricular Nova<\/a><\/strong>.<\/p>\n","protected":false},"excerpt":{"rendered":"<p>Para os estudantes que\u00a0ingressaram antes de 2023, a Matriz Curricular vigente \u00e9 a seguinte:\u00a0Matriz Curricular. A partir de 2023, ap\u00f3s reformula\u00e7\u00e3o curricular do Projeto Pedag\u00f3gico do Curso de Letras-Franc\u00eas, a Matriz Curricular vigente passou a ser a seguinte:\u00a0Matriz Curricular Nova.<\/p>\n","protected":false},"author":6,"featured_media":0,"parent":0,"menu_order":0,"comment_status":"closed","ping_status":"closed","template":"","meta":{"_acf_changed":false,"footnotes":""},"class_list":["post-37","page","type-page","status-publish","hentry"],"acf":[],"_links":{"self":[{"href":"https:\/\/graduacao.uel.br\/letras-frances\/wp-json\/wp\/v2\/pages\/37","targetHints":{"allow":["GET"]}}],"collection":[{"href":"https:\/\/graduacao.uel.br\/letras-frances\/wp-json\/wp\/v2\/pages"}],"about":[{"href":"https:\/\/graduacao.uel.br\/letras-frances\/wp-json\/wp\/v2\/types\/page"}],"author":[{"embeddable":true,"href":"https:\/\/graduacao.uel.br\/letras-frances\/wp-json\/wp\/v2\/users\/6"}],"replies":[{"embeddable":true,"href":"https:\/\/graduacao.uel.br\/letras-frances\/wp-json\/wp\/v2\/comments?post=37"}],"version-history":[{"count":2,"href":"https:\/\/graduacao.uel.br\/letras-frances\/wp-json\/wp\/v2\/pages\/37\/revisions"}],"predecessor-version":[{"id":184,"href":"https:\/\/graduacao.uel.br\/letras-frances\/wp-json\/wp\/v2\/pages\/37\/revisions\/184"}],"wp:attachment":[{"href":"https:\/\/graduacao.uel.br\/letras-frances\/wp-json\/wp\/v2\/media?parent=37"}],"curies":[{"name":"wp","href":"https:\/\/api.w.org\/{rel}","templated":true}]}}