{"id":29,"date":"2024-05-03T09:35:24","date_gmt":"2024-05-03T12:35:24","guid":{"rendered":"https:\/\/graduacao.uel.br\/letras-portugues\/?page_id=29"},"modified":"2025-02-24T14:55:44","modified_gmt":"2025-02-24T17:55:44","slug":"projeto-pedagogico-ppc","status":"publish","type":"page","link":"https:\/\/graduacao.uel.br\/letras-portugues\/projeto-pedagogico-ppc\/","title":{"rendered":"Projeto Pedag\u00f3gico (PPC)"},"content":{"rendered":"\n<p>O mercado profissional de Londrina coloca o Curso de Letras da UEL como uma refer\u00eancia n\u00e3o s\u00f3 para os londrinenses como tamb\u00e9m para os jovens de todo o Brasil. Sendo assim, nada mais justo do que um curso que coloque em relevo a rela\u00e7\u00e3o dial\u00e9tica entre o pragmatismo da sociedade moderna e o cultivo dos valores humanistas, t\u00e3o importantes para que esta se desenvolva sob a \u00e9gide da justi\u00e7a social, da cidadania e do respeito ao ser humano.<\/p>\n\n\n\n<p>Assim, tamb\u00e9m, em conformidade com as Diretrizes Curriculares Nacionais dos Cursos de Gradua\u00e7\u00e3o (2001), o atual Curso de Letras prima por um ensino diversificado, com conte\u00fados e disciplinas heterog\u00eaneos e atualizados, que atende \u00e0s metas da Educa\u00e7\u00e3o Superior no pa\u00eds e ao pr\u00e9-requisito fundamental exigido pela sociedade deste in\u00edcio de s\u00e9culo, a saber: a forma\u00e7\u00e3o de um profissional flex\u00edvel e aberto para as transforma\u00e7\u00f5es do mercado de trabalho e da sociedade em geral.<\/p>\n\n\n\n<p>A estrutura curricular do Curso orienta-se, desta forma, pelas seguintes metas gerais:<\/p>\n\n\n\n<p>(I) facultar aos futuros profissionais op\u00e7\u00f5es de conhecimento e de atua\u00e7\u00e3o no mercado de trabalho;<\/p>\n\n\n\n<p>(II) criar oportunidade para o desenvolvimento de habilidades que permitam atingir a compet\u00eancia desejada no exerc\u00edcio profissional;<\/p>\n\n\n\n<p>(III) conferir prioridade \u00e0 abordagem pedag\u00f3gica voltada para o desenvolvimento da autonomia do aluno;<\/p>\n\n\n\n<p>(IV) promover a articula\u00e7\u00e3o necess\u00e1ria e constante entre ensino, pesquisa e extens\u00e3o, al\u00e9m da articula\u00e7\u00e3o direta com a p\u00f3s-gradua\u00e7\u00e3o;<\/p>\n\n\n\n<p>(V) possibilitar o exerc\u00edcio da autonomia universit\u00e1ria, a partir de atividades curriculares b\u00e1sicas, complementares e de est\u00e1gio, tendo em vista o perfil profissional definido para os alunos.<\/p>\n\n\n\n<p>O Curso de Gradua\u00e7\u00e3o em Letras-Portugu\u00eas \u00e9 caracterizado por um conjunto de atividades acad\u00e9micas b\u00e1sicas, obrigat\u00f3rias, especiais e extensionistas que visam possibilitar ao aluno uma forma\u00e7\u00e3o orientada para o dom\u00ednio lingu\u00edstico-discursivo, pragm\u00e1tico-cultural e liter\u00e1rio, com capacidade de reflex\u00e3o cr\u00edtica sobre as teorias de ensino-aprendizagem e sobre o papel da l\u00edngua portuguesa na sociedade.<\/p>\n\n\n\n<p>Essa Habilita\u00e7\u00e3o objetiva formar professores para atuar nas \u00e1reas de L\u00edngua Portuguesa e Literaturas de L\u00edngua Portuguesa, no Ensino Fundamental II e no M\u00e9dio para que sejam capazes de aliar a forma\u00e7\u00e3o te\u00f3rica com a pr\u00e1tica profissional de maneira cr\u00edtica e reflexiva.<\/p>\n\n\n\n<div class=\"wp-block-columns is-layout-flex wp-container-core-columns-is-layout-9d6595d7 wp-block-columns-is-layout-flex\">\n<div class=\"wp-block-column is-layout-flow wp-block-column-is-layout-flow\"><\/div>\n<\/div>\n\n\n\n<div class=\"wp-block-buttons is-content-justification-center is-layout-flex wp-container-core-buttons-is-layout-16018d1d wp-block-buttons-is-layout-flex\">\n<div class=\"wp-block-button\"><a class=\"wp-block-button__link has-primary-accent-background-color has-background wp-element-button\" href=\"https:\/\/sites.uel.br\/prograd\/graduacao\/projetos-pedagogicos\/projetos-pedagogicos-letras-portugues\/\">Resolu\u00e7\u00f5es e Delibera\u00e7\u00f5es<\/a><\/div>\n<\/div>\n\n\n\n<div class=\"wp-block-pb-accordion-item c-accordion__item js-accordion-item no-js\" data-initially-open=\"false\" data-click-to-close=\"true\" data-auto-close=\"true\" data-scroll=\"false\" data-scroll-offset=\"0\"><h6 id=\"at-290\" class=\"c-accordion__title js-accordion-controller\" role=\"button\">DEPARTAMENTO<\/h6><div id=\"ac-290\" class=\"c-accordion__content\">\n<p>O Departamento, subunidade dos Centros de Estudos, constitui-se na menor estrutura de organiza\u00e7\u00e3o administrativa, did\u00e1tico cient\u00edfica e de lota\u00e7\u00e3o de pessoal.<br>No Departamento s\u00e3o reunidas atividades acad\u00eamicas afins e nele est\u00e3o integrados docentes e t\u00e9cnico administrativos para objetivos comuns. (Art. 122 do Regimento Geral da UEL).<\/p>\n<\/div><\/div>\n\n\n\n<div class=\"wp-block-pb-accordion-item c-accordion__item js-accordion-item no-js\" data-initially-open=\"false\" data-click-to-close=\"true\" data-auto-close=\"true\" data-scroll=\"false\" data-scroll-offset=\"0\"><h6 id=\"at-291\" class=\"c-accordion__title js-accordion-controller\" role=\"button\">COLEGIADO<\/h6><div id=\"ac-291\" class=\"c-accordion__content\">\n<p>Os Colegiados de cursos de gradua\u00e7\u00e3o exercem a coordena\u00e7\u00e3o pedag\u00f3gica dos cursos e ser\u00e3o constitu\u00eddos por representantes docentes da \u00e1rea principal de conhecimento e da \u00e1rea b\u00e1sica e\/ou complementar de conhecimento, estudantes e servidores, na forma prevista nos \u00a72\u00ba e \u00a73\u00ba do Art. 27 do Estatuto da Universidade. (Art. alterado atrav\u00e9s da Resolu\u00e7\u00e3o CU 168\/2007).<\/p>\n<\/div><\/div>\n\n\n\n<div class=\"wp-block-pb-accordion-item c-accordion__item js-accordion-item no-js\" data-initially-open=\"false\" data-click-to-close=\"true\" data-auto-close=\"true\" data-scroll=\"false\" data-scroll-offset=\"0\"><h6 id=\"at-292\" class=\"c-accordion__title js-accordion-controller\" role=\"button\"><strong>N\u00daCLEO DOCENTE ESTRUTURANTE (NDE)<\/strong><\/h6><div id=\"ac-292\" class=\"c-accordion__content\">\n<p>O NDE institui-se como parte da estrutura de gest\u00e3o acad\u00eamica do curso com atribui\u00e7\u00f5es consultivas, propositivas e de assessoria, acerca de mat\u00e9rias de natureza acad\u00eamica e pedag\u00f3gica, sendo correspons\u00e1vel pela elabora\u00e7\u00e3o, implementa\u00e7\u00e3o e consolida\u00e7\u00e3o do Projeto Pedag\u00f3gico do Curso (PPC), al\u00e9m de zelar pelo cumprimento das Diretrizes Curriculares Nacionais (DCNs). Tem como objetivos:<\/p>\n\n\n\n<p>1 \u2013 Levantar dificuldades na atua\u00e7\u00e3o do corpo docente do Curso;<\/p>\n\n\n\n<p>2 \u2013 Auxiliar na elabora\u00e7\u00e3o e no acompanhamento do PPC;<\/p>\n\n\n\n<p>3 \u2013 Propor programas ou outras formas de capacita\u00e7\u00e3o docente;<\/p>\n\n\n\n<p>4 \u2013 Acompanhar as avalia\u00e7\u00f5es do Curso definidas pelo Colegiado;<\/p>\n\n\n\n<p>5 \u2013 Analisar e propor modifica\u00e7\u00f5es, quando necess\u00e1rias;<\/p>\n\n\n\n<p>6 \u2013 Indicar formas de incentivo ao desenvolvimento de atividades de pesquisa;<\/p>\n\n\n\n<p>7 \u2013 Contribuir para a concretiza\u00e7\u00e3o do perfil profissional;<\/p>\n\n\n\n<p>8 \u2013 Zelar pelo cumprimento das DCNs aplic\u00e1veis ao Curso de Letras Portugu\u00eas.<\/p>\n<\/div><\/div>\n","protected":false},"excerpt":{"rendered":"<p>O mercado profissional de Londrina coloca o Curso de Letras da UEL como uma refer\u00eancia n\u00e3o s\u00f3 para os londrinenses como tamb\u00e9m para os jovens de todo o Brasil. Sendo assim, nada mais justo do que um curso que coloque em relevo a rela\u00e7\u00e3o dial\u00e9tica entre o pragmatismo da sociedade moderna e o cultivo dos [&hellip;]<\/p>\n","protected":false},"author":6,"featured_media":0,"parent":0,"menu_order":0,"comment_status":"closed","ping_status":"closed","template":"","meta":{"_acf_changed":false,"_themeisle_gutenberg_block_has_review":false,"footnotes":""},"class_list":["post-29","page","type-page","status-publish","hentry"],"acf":[],"_links":{"self":[{"href":"https:\/\/graduacao.uel.br\/letras-portugues\/wp-json\/wp\/v2\/pages\/29","targetHints":{"allow":["GET"]}}],"collection":[{"href":"https:\/\/graduacao.uel.br\/letras-portugues\/wp-json\/wp\/v2\/pages"}],"about":[{"href":"https:\/\/graduacao.uel.br\/letras-portugues\/wp-json\/wp\/v2\/types\/page"}],"author":[{"embeddable":true,"href":"https:\/\/graduacao.uel.br\/letras-portugues\/wp-json\/wp\/v2\/users\/6"}],"replies":[{"embeddable":true,"href":"https:\/\/graduacao.uel.br\/letras-portugues\/wp-json\/wp\/v2\/comments?post=29"}],"version-history":[{"count":7,"href":"https:\/\/graduacao.uel.br\/letras-portugues\/wp-json\/wp\/v2\/pages\/29\/revisions"}],"predecessor-version":[{"id":384,"href":"https:\/\/graduacao.uel.br\/letras-portugues\/wp-json\/wp\/v2\/pages\/29\/revisions\/384"}],"wp:attachment":[{"href":"https:\/\/graduacao.uel.br\/letras-portugues\/wp-json\/wp\/v2\/media?parent=29"}],"curies":[{"name":"wp","href":"https:\/\/api.w.org\/{rel}","templated":true}]}}