{"id":19,"date":"2024-03-13T16:28:02","date_gmt":"2024-03-13T19:28:02","guid":{"rendered":"https:\/\/graduacao.uel.br\/matematica\/?page_id=19"},"modified":"2025-09-22T11:28:29","modified_gmt":"2025-09-22T14:28:29","slug":"eventos","status":"publish","type":"page","link":"https:\/\/graduacao.uel.br\/matematica\/eventos\/","title":{"rendered":"Eventos"},"content":{"rendered":"\n<div class=\"wp-block-media-text is-stacked-on-mobile is-image-fill-element has-site-background-background-color has-background has-medium-font-size\" style=\"grid-template-columns:24% auto\"><figure class=\"wp-block-media-text__media\"><img loading=\"lazy\" decoding=\"async\" width=\"1279\" height=\"1280\" src=\"https:\/\/graduacao.uel.br\/matematica\/wp-content\/uploads\/2025\/09\/capa-do-post-1.jpg\" alt=\"\" class=\"wp-image-559 size-full\" style=\"object-position:50% 50%\" srcset=\"https:\/\/graduacao.uel.br\/matematica\/wp-content\/uploads\/2025\/09\/capa-do-post-1.jpg 1279w, https:\/\/graduacao.uel.br\/matematica\/wp-content\/uploads\/2025\/09\/capa-do-post-1-300x300.jpg 300w, https:\/\/graduacao.uel.br\/matematica\/wp-content\/uploads\/2025\/09\/capa-do-post-1-1024x1024.jpg 1024w, https:\/\/graduacao.uel.br\/matematica\/wp-content\/uploads\/2025\/09\/capa-do-post-1-150x150.jpg 150w, https:\/\/graduacao.uel.br\/matematica\/wp-content\/uploads\/2025\/09\/capa-do-post-1-768x769.jpg 768w\" sizes=\"auto, (max-width: 1279px) 100vw, 1279px\" \/><\/figure><div class=\"wp-block-media-text__content\">\n<h3 class=\"wp-block-heading\"><a href=\"https:\/\/graduacao.uel.br\/matematica\/publicacoes\/2025\/09\/22\/destaques-da-xxxvi-semat\/\">XXXVI SEMAT<\/a><\/h3>\n\n\n\n<p>Estudantes, professores e pesquisadores se reuniram na UEL para a XXXVI Semana da Matem\u00e1tica. Confira como foi o evento!<\/p>\n<\/div><\/div>\n\n\n\n<div style=\"height:12px\" aria-hidden=\"true\" class=\"wp-block-spacer\"><\/div>\n\n\n\n<div class=\"wp-block-media-text is-stacked-on-mobile is-image-fill-element has-site-background-background-color has-background has-medium-font-size\" style=\"grid-template-columns:24% auto\"><figure class=\"wp-block-media-text__media\"><img loading=\"lazy\" decoding=\"async\" width=\"1176\" height=\"784\" src=\"https:\/\/graduacao.uel.br\/matematica\/wp-content\/uploads\/2025\/08\/ESTUDANTE-MATEMATICA-3.jpg\" alt=\"\" class=\"wp-image-496 size-full\" style=\"object-position:50% 50%\" srcset=\"https:\/\/graduacao.uel.br\/matematica\/wp-content\/uploads\/2025\/08\/ESTUDANTE-MATEMATICA-3.jpg 1176w, https:\/\/graduacao.uel.br\/matematica\/wp-content\/uploads\/2025\/08\/ESTUDANTE-MATEMATICA-3-300x200.jpg 300w, https:\/\/graduacao.uel.br\/matematica\/wp-content\/uploads\/2025\/08\/ESTUDANTE-MATEMATICA-3-1024x683.jpg 1024w, https:\/\/graduacao.uel.br\/matematica\/wp-content\/uploads\/2025\/08\/ESTUDANTE-MATEMATICA-3-768x512.jpg 768w\" sizes=\"auto, (max-width: 1176px) 100vw, 1176px\" \/><\/figure><div class=\"wp-block-media-text__content\">\n<h3 class=\"wp-block-heading\"><a href=\"https:\/\/operobal.uel.br\/cce\/2025\/08\/06\/estudante-da-uel-ganha-mencao-honrosa-em-prova-global-de-matematica\/\">Estudante de Matem\u00e1tica da UEL recebe men\u00e7\u00e3o honrosa em prova global<\/a><\/h3>\n\n\n\n<p>O aluno da UEL se destacou em uma competi\u00e7\u00e3o internacional de Matem\u00e1tica, sendo o \u00fanico premiado da Regi\u00e3o Sul do Brasil.<\/p>\n<\/div><\/div>\n\n\n\n<div style=\"height:12px\" aria-hidden=\"true\" class=\"wp-block-spacer\"><\/div>\n\n\n\n<div class=\"wp-block-media-text is-stacked-on-mobile is-image-fill-element has-site-background-background-color has-background has-medium-font-size\" style=\"grid-template-columns:24% auto\"><figure class=\"wp-block-media-text__media\"><img loading=\"lazy\" decoding=\"async\" width=\"2560\" height=\"1920\" src=\"https:\/\/graduacao.uel.br\/matematica\/wp-content\/uploads\/2025\/07\/WhatsApp-Image-2025-07-02-at-10.34.31-scaled.jpeg\" alt=\"\" class=\"wp-image-480 size-full\" style=\"object-position:50% 50%\" srcset=\"https:\/\/graduacao.uel.br\/matematica\/wp-content\/uploads\/2025\/07\/WhatsApp-Image-2025-07-02-at-10.34.31-scaled.jpeg 2560w, https:\/\/graduacao.uel.br\/matematica\/wp-content\/uploads\/2025\/07\/WhatsApp-Image-2025-07-02-at-10.34.31-300x225.jpeg 300w, https:\/\/graduacao.uel.br\/matematica\/wp-content\/uploads\/2025\/07\/WhatsApp-Image-2025-07-02-at-10.34.31-1024x768.jpeg 1024w, https:\/\/graduacao.uel.br\/matematica\/wp-content\/uploads\/2025\/07\/WhatsApp-Image-2025-07-02-at-10.34.31-768x576.jpeg 768w, https:\/\/graduacao.uel.br\/matematica\/wp-content\/uploads\/2025\/07\/WhatsApp-Image-2025-07-02-at-10.34.31-1536x1152.jpeg 1536w, https:\/\/graduacao.uel.br\/matematica\/wp-content\/uploads\/2025\/07\/WhatsApp-Image-2025-07-02-at-10.34.31-2048x1536.jpeg 2048w\" sizes=\"auto, (max-width: 2560px) 100vw, 2560px\" \/><\/figure><div class=\"wp-block-media-text__content\">\n<h3 class=\"wp-block-heading\"><a href=\"https:\/\/graduacao.uel.br\/matematica\/publicacoes\/2025\/07\/02\/matematica-na-feira-de-profissoes-uel-2025\/\">Matem\u00e1tica na Feira de Profiss\u00f5es UEL 2025<\/a><\/h3>\n\n\n\n<p>Os cursos de Matem\u00e1tica marcaram presen\u00e7a na Feira de Profiss\u00f5es 2025. Veja como foi!<\/p>\n<\/div><\/div>\n\n\n\n<div style=\"height:12px\" aria-hidden=\"true\" class=\"wp-block-spacer\"><\/div>\n\n\n\n<div class=\"wp-block-media-text is-stacked-on-mobile is-image-fill-element has-site-background-background-color has-background has-medium-font-size\" style=\"grid-template-columns:24% auto\"><figure class=\"wp-block-media-text__media\"><img loading=\"lazy\" decoding=\"async\" width=\"1024\" height=\"962\" src=\"https:\/\/graduacao.uel.br\/matematica\/wp-content\/uploads\/2025\/06\/Semat-Logo.png\" alt=\"\" class=\"wp-image-426 size-full\" style=\"object-position:52% 61%\" srcset=\"https:\/\/graduacao.uel.br\/matematica\/wp-content\/uploads\/2025\/06\/Semat-Logo.png 1024w, https:\/\/graduacao.uel.br\/matematica\/wp-content\/uploads\/2025\/06\/Semat-Logo-300x282.png 300w\" sizes=\"auto, (max-width: 1024px) 100vw, 1024px\" \/><\/figure><div class=\"wp-block-media-text__content\">\n<h3 class=\"wp-block-heading\"><a href=\"https:\/\/graduacao.uel.br\/matematica\/publicacoes\/2025\/06\/09\/xxxvi-semana-da-matematica\/\">XXXVI Semana da Matem\u00e1tica da Universidade Estadual de Londrina<\/a><\/h3>\n\n\n\n<p>O evento ser\u00e1 realizado de 01 a 05 de setembro de 2025, com palestras, minicursos e apresenta\u00e7\u00e3o de trabalhos acad\u00eamicos. As inscri\u00e7\u00f5es s\u00e3o gratuitas e come\u00e7am no dia 10 de junho.<\/p>\n<\/div><\/div>\n\n\n\n<p><\/p>\n\n\n\n<p>Conhe\u00e7a os Eventos do <a href=\"https:\/\/departamentos.uel.br\/matematica\/eventos\/\">Departamento de Matem\u00e1tica<\/a> e participe!<\/p>\n\n\n\n<p><\/p>\n\n\n\n<div class=\"wp-block-columns is-layout-flex wp-container-core-columns-is-layout-9d6595d7 wp-block-columns-is-layout-flex\">\n<div class=\"wp-block-column is-layout-flow wp-block-column-is-layout-flow\" style=\"flex-basis:100%\">\n<details class=\"wp-block-details has-primary-accent-color has-text-color has-link-color wp-elements-995166c610d52a3d1b2d440a88173575 is-layout-flow wp-block-details-is-layout-flow\" style=\"font-size:18px\"><summary>Eventos diversos na UEL<\/summary>\n                <div class=\"feed-noticias-perobal alm-listing alm-ajax alm-has-transition\" id=\"feed-noticias-perobal-evento\"><a class=\"noticia-feed d-flex flex-column flex-md-row align-items-start\" href=\"https:\/\/operobal.uel.br\/cesa\/2026\/03\/24\/unati-abre-programacao-de-2026-com-palestra-sobre-saude-para-idosos\/\">\n                                                    <img decoding=\"async\" class=\"lazy entered loaded\" src=\"https:\/\/operobal.uel.br\/wp-content\/uploads\/2021\/08\/unati-uel-4.jpg\"\/>    \n                                                    <article class=\"ml-0 ml-md-4 corpo-noticia-feed\">\n                                                        <p class=\"antetitulo mb-0\">Terceira Idade<\/p>\n                                                        <p class=\"titulo mb-2\">Unati abre programa\u00e7\u00e3o de 2026 com palestra sobre sa\u00fade para idosos<\/p>\n                                                        <p class=\"descricao\">Evento gratuito marca in\u00edcio das atividades com palestras e homenagens a pessoas de refer\u00eancia na \u00e1rea do envelhecimento saud\u00e1vel.<\/p>\n                                                    <\/article>\n                                                <\/a><hr class=\"mt-4 mb-4 d-none d-md-block\"><a class=\"noticia-feed d-flex flex-column flex-md-row align-items-start\" href=\"https:\/\/operobal.uel.br\/ctu\/2026\/03\/23\/seminario-de-historia-da-cidade-e-urbanismo-esta-com-inscricoes-abertas-para-submissao-de-trabalhos\/\">\n                                                    <img decoding=\"async\" class=\"lazy entered loaded\" src=\"https:\/\/operobal.uel.br\/wp-content\/uploads\/2026\/03\/Seminario-de-Historia-da-Cidade-e-do-Urbanismo-SHCU.jpg\"\/>    \n                                                    <article class=\"ml-0 ml-md-4 corpo-noticia-feed\">\n                                                        <p class=\"antetitulo mb-0\">Semin\u00e1rio<\/p>\n                                                        <p class=\"titulo mb-2\">Semin\u00e1rio de Hist\u00f3ria da Cidade e Urbanismo est\u00e1 com inscri\u00e7\u00f5es abertas para submiss\u00e3o de trabalhos<\/p>\n                                                        <p class=\"descricao\">O evento \u00e9 uma parceria do Programa de P\u00f3s-Gradua\u00e7\u00e3o em Arquitetura e Urbanismo (PPU-UEM\/UEL)\n<\/p>\n                                                    <\/article>\n                                                <\/a><hr class=\"mt-4 mb-4 d-none d-md-block\"><a class=\"noticia-feed d-flex flex-column flex-md-row align-items-start\" href=\"https:\/\/operobal.uel.br\/clch\/2026\/03\/23\/arquivo-publico-do-parana-realiza-etapa-paranaense-da-conferencia-nacional-de-arquivos\/\">\n                                                    <img decoding=\"async\" class=\"lazy entered loaded\" src=\"https:\/\/operobal.uel.br\/wp-content\/uploads\/2026\/03\/materia-1-180-anos-jpg.jpg\"\/>    \n                                                    <article class=\"ml-0 ml-md-4 corpo-noticia-feed\">\n                                                        <p class=\"antetitulo mb-0\">ESTADUAL<\/p>\n                                                        <p class=\"titulo mb-2\">Arquivo P\u00fablico do Paran\u00e1 realiza etapa paranaense da Confer\u00eancia Nacional de Arquivos\u00a0<\/p>\n                                                        <p class=\"descricao\">Evento com participa\u00e7\u00e3o do NDPH\/UEL representa retomada sobre a discuss\u00e3o de pol\u00edticas p\u00fablicas arquiv\u00edsticas no Brasil.<\/p>\n                                                    <\/article>\n                                                <\/a><hr class=\"mt-4 mb-4 d-none d-md-block\"><a class=\"noticia-feed d-flex flex-column flex-md-row align-items-start\" href=\"https:\/\/operobal.uel.br\/cefe\/2026\/03\/20\/nefel-faz-entrega-simbolica-do-livro-comemorativo-dos-50-anos-do-curso-de-educacao-fisica-da-uel\/\">\n                                                    <img decoding=\"async\" class=\"lazy entered loaded\" src=\"https:\/\/operobal.uel.br\/wp-content\/uploads\/2026\/03\/WhatsApp-Image-2026-03-20-at-14.21.18-2.jpeg\"\/>    \n                                                    <article class=\"ml-0 ml-md-4 corpo-noticia-feed\">\n                                                        <p class=\"antetitulo mb-0\">50 anos<\/p>\n                                                        <p class=\"titulo mb-2\">NEFEL faz entrega simb\u00f3lica do livro comemorativo dos 50 anos do curso de Educa\u00e7\u00e3o F\u00edsica da UEL<\/p>\n                                                        <p class=\"descricao\">O livro comp\u00f5e uma rica tessitura hist\u00f3rica, afetiva e anal\u00edtica, que resgata a mem\u00f3ria coletiva e valoriza os sujeitos deste processo. <\/p>\n                                                    <\/article>\n                                                <\/a><hr class=\"mt-4 mb-4 d-none d-md-block\"><a class=\"noticia-feed d-flex flex-column flex-md-row align-items-start\" href=\"https:\/\/operobal.uel.br\/cca\/2026\/03\/20\/pos-graduacao-em-ciencia-de-alimentos-traz-egressos-para-celebrar-aniversario\/\">\n                                                    <img decoding=\"async\" class=\"lazy entered loaded\" src=\"https:\/\/operobal.uel.br\/wp-content\/uploads\/2026\/03\/WhatsApp-Image-2026-03-20-at-10.16.49.jpeg\"\/>    \n                                                    <article class=\"ml-0 ml-md-4 corpo-noticia-feed\">\n                                                        <p class=\"antetitulo mb-0\">50 anos<\/p>\n                                                        <p class=\"titulo mb-2\">P\u00f3s-Gradua\u00e7\u00e3o em Ci\u00eancia de Alimentos traz egressos para celebrar anivers\u00e1rio<\/p>\n                                                        <p class=\"descricao\">Programa comemorou 50 anos de hist\u00f3ria com palestras de ex-alunos e apresenta\u00e7\u00f5es de trabalhos.<\/p>\n                                                    <\/article>\n                                                <\/a><\/div><button id=\"feed-noticias-perobal-load-moreevento\" type=\"button\" class=\"feed-noticias-button\" data-endpoint=\"https:\/\/operobal.uel.br\/wp-json\/wp-perobal\/v1\/posts\/tags\/evento?numberposts=50\" data-ppp=\"5\" data-pages=\"5\">Leia mais<\/button><\/details>\n<\/div>\n<\/div>\n\n\n\n<p><\/p>\n","protected":false},"excerpt":{"rendered":"<p>XXXVI SEMAT Estudantes, professores e pesquisadores se reuniram na UEL para a XXXVI Semana da Matem\u00e1tica. Confira como foi o evento! Estudante de Matem\u00e1tica da UEL recebe men\u00e7\u00e3o honrosa em prova global O aluno da UEL se destacou em uma competi\u00e7\u00e3o internacional de Matem\u00e1tica, sendo o \u00fanico premiado da Regi\u00e3o Sul do Brasil. Matem\u00e1tica na [&hellip;]<\/p>\n","protected":false},"author":6,"featured_media":0,"parent":0,"menu_order":0,"comment_status":"closed","ping_status":"closed","template":"","meta":{"_acf_changed":false,"footnotes":""},"class_list":["post-19","page","type-page","status-publish","hentry"],"acf":[],"_links":{"self":[{"href":"https:\/\/graduacao.uel.br\/matematica\/wp-json\/wp\/v2\/pages\/19","targetHints":{"allow":["GET"]}}],"collection":[{"href":"https:\/\/graduacao.uel.br\/matematica\/wp-json\/wp\/v2\/pages"}],"about":[{"href":"https:\/\/graduacao.uel.br\/matematica\/wp-json\/wp\/v2\/types\/page"}],"author":[{"embeddable":true,"href":"https:\/\/graduacao.uel.br\/matematica\/wp-json\/wp\/v2\/users\/6"}],"replies":[{"embeddable":true,"href":"https:\/\/graduacao.uel.br\/matematica\/wp-json\/wp\/v2\/comments?post=19"}],"version-history":[{"count":41,"href":"https:\/\/graduacao.uel.br\/matematica\/wp-json\/wp\/v2\/pages\/19\/revisions"}],"predecessor-version":[{"id":560,"href":"https:\/\/graduacao.uel.br\/matematica\/wp-json\/wp\/v2\/pages\/19\/revisions\/560"}],"wp:attachment":[{"href":"https:\/\/graduacao.uel.br\/matematica\/wp-json\/wp\/v2\/media?parent=19"}],"curies":[{"name":"wp","href":"https:\/\/api.w.org\/{rel}","templated":true}]}}