{"id":294,"date":"2024-06-03T14:44:41","date_gmt":"2024-06-03T17:44:41","guid":{"rendered":"https:\/\/graduacao.uel.br\/matematica\/?page_id=294"},"modified":"2024-06-03T14:44:42","modified_gmt":"2024-06-03T17:44:42","slug":"bacharelado","status":"publish","type":"page","link":"https:\/\/graduacao.uel.br\/matematica\/bacharelado\/","title":{"rendered":"Bacharelado"},"content":{"rendered":"\n<p>O Curso de Matem\u00e1tica Bacharelado prepara o profissional para atuar em pesquisa pura e aplicada, nos institutos de pesquisa, nas ind\u00fastrias e nas universidades. O curso \u00e9 matutino, com dura\u00e7\u00e3o de 4 anos.<\/p>\n\n\n\n<div data-wp-interactive=\"core\/file\" class=\"wp-block-file\"><object data-wp-bind--hidden=\"!state.hasPdfPreview\" hidden class=\"wp-block-file__embed\" data=\"https:\/\/graduacao.uel.br\/matematica\/wp-content\/uploads\/2024\/06\/matematica_bacharelado.pdf\" type=\"application\/pdf\" style=\"width:100%;height:600px\" aria-label=\"Incorporado de matematica_bacharelado.\"><\/object><a id=\"wp-block-file--media-ef6d8fa7-50f7-4ebb-ab8b-fbe02d6efd10\" href=\"https:\/\/graduacao.uel.br\/matematica\/wp-content\/uploads\/2024\/06\/matematica_bacharelado.pdf\">matematica_bacharelado<\/a><a href=\"https:\/\/graduacao.uel.br\/matematica\/wp-content\/uploads\/2024\/06\/matematica_bacharelado.pdf\" class=\"wp-block-file__button wp-element-button\" download aria-describedby=\"wp-block-file--media-ef6d8fa7-50f7-4ebb-ab8b-fbe02d6efd10\">Baixar<\/a><\/div>\n","protected":false},"excerpt":{"rendered":"<p>O Curso de Matem\u00e1tica Bacharelado prepara o profissional para atuar em pesquisa pura e aplicada, nos institutos de pesquisa, nas ind\u00fastrias e nas universidades. O curso \u00e9 matutino, com dura\u00e7\u00e3o de 4 anos.<\/p>\n","protected":false},"author":8,"featured_media":0,"parent":0,"menu_order":0,"comment_status":"closed","ping_status":"closed","template":"","meta":{"_acf_changed":false,"footnotes":""},"class_list":["post-294","page","type-page","status-publish","hentry"],"acf":[],"_links":{"self":[{"href":"https:\/\/graduacao.uel.br\/matematica\/wp-json\/wp\/v2\/pages\/294","targetHints":{"allow":["GET"]}}],"collection":[{"href":"https:\/\/graduacao.uel.br\/matematica\/wp-json\/wp\/v2\/pages"}],"about":[{"href":"https:\/\/graduacao.uel.br\/matematica\/wp-json\/wp\/v2\/types\/page"}],"author":[{"embeddable":true,"href":"https:\/\/graduacao.uel.br\/matematica\/wp-json\/wp\/v2\/users\/8"}],"replies":[{"embeddable":true,"href":"https:\/\/graduacao.uel.br\/matematica\/wp-json\/wp\/v2\/comments?post=294"}],"version-history":[{"count":1,"href":"https:\/\/graduacao.uel.br\/matematica\/wp-json\/wp\/v2\/pages\/294\/revisions"}],"predecessor-version":[{"id":296,"href":"https:\/\/graduacao.uel.br\/matematica\/wp-json\/wp\/v2\/pages\/294\/revisions\/296"}],"wp:attachment":[{"href":"https:\/\/graduacao.uel.br\/matematica\/wp-json\/wp\/v2\/media?parent=294"}],"curies":[{"name":"wp","href":"https:\/\/api.w.org\/{rel}","templated":true}]}}