{"id":124,"date":"2024-07-15T11:38:01","date_gmt":"2024-07-15T14:38:01","guid":{"rendered":"https:\/\/graduacao.uel.br\/medicina\/?page_id=124"},"modified":"2024-10-07T09:31:55","modified_gmt":"2024-10-07T12:31:55","slug":"bateria","status":"publish","type":"page","link":"https:\/\/graduacao.uel.br\/medicina\/bateria\/","title":{"rendered":"Bateria"},"content":{"rendered":"\n<p>A <strong>Bateria Laranja Mec\u00e2nica<\/strong> foi formada no ano de 2001 por alunos do curso de medicina da UEL e segue at\u00e9 hoje sendo organizada e amada pelos que integram a Gloriosa! Sendo uma das baterias mais antigas do sul com 22 anos de hist\u00f3ria, segue com seu lema de samba, suor e sacanagem, espalhando paix\u00e3o e alegria a cada\u00a0apresenta\u00e7\u00e3o!<\/p>\n\n\n\n<p>A <strong>Bateria Laranja Mec\u00e2nica (LM)<\/strong> \u00e9 a representante do curso de medicina da UEL e treina com afinco, tendo conquistado v\u00e1rios p\u00f3dios no JIA e INTERMED.<\/p>\n\n\n\n<p>Conhe\u00e7a a Bateria Laranja Mec\u00e2nica no <strong><a href=\"https:\/\/www.instagram.com\/bateria_lm\/\">Instagram<\/a><\/strong>.<\/p>\n\n\n\n<div class=\"wp-block-columns is-layout-flex wp-container-core-columns-is-layout-9d6595d7 wp-block-columns-is-layout-flex\">\n<div class=\"wp-block-column is-layout-flow wp-block-column-is-layout-flow\">\n<figure class=\"wp-block-image size-full\"><img loading=\"lazy\" decoding=\"async\" width=\"567\" height=\"378\" src=\"https:\/\/graduacao.uel.br\/medicina\/wp-content\/uploads\/2024\/10\/Bateria1.jpg\" alt=\"\" class=\"wp-image-320\" srcset=\"https:\/\/graduacao.uel.br\/medicina\/wp-content\/uploads\/2024\/10\/Bateria1.jpg 567w, https:\/\/graduacao.uel.br\/medicina\/wp-content\/uploads\/2024\/10\/Bateria1-300x200.jpg 300w\" sizes=\"auto, (max-width: 567px) 100vw, 567px\" \/><\/figure>\n<\/div>\n\n\n\n<div class=\"wp-block-column is-layout-flow wp-block-column-is-layout-flow\">\n<figure class=\"wp-block-image size-full\"><img loading=\"lazy\" decoding=\"async\" width=\"567\" height=\"378\" src=\"https:\/\/graduacao.uel.br\/medicina\/wp-content\/uploads\/2024\/10\/Beteria2.jpg\" alt=\"\" class=\"wp-image-321\" srcset=\"https:\/\/graduacao.uel.br\/medicina\/wp-content\/uploads\/2024\/10\/Beteria2.jpg 567w, https:\/\/graduacao.uel.br\/medicina\/wp-content\/uploads\/2024\/10\/Beteria2-300x200.jpg 300w\" sizes=\"auto, (max-width: 567px) 100vw, 567px\" \/><\/figure>\n<\/div>\n<\/div>\n","protected":false},"excerpt":{"rendered":"<p>A Bateria Laranja Mec\u00e2nica foi formada no ano de 2001 por alunos do curso de medicina da UEL e segue at\u00e9 hoje sendo organizada e amada pelos que integram a Gloriosa! Sendo uma das baterias mais antigas do sul com 22 anos de hist\u00f3ria, segue com seu lema de samba, suor e sacanagem, espalhando paix\u00e3o [&hellip;]<\/p>\n","protected":false},"author":6,"featured_media":0,"parent":0,"menu_order":0,"comment_status":"closed","ping_status":"closed","template":"","meta":{"_acf_changed":false,"footnotes":""},"class_list":["post-124","page","type-page","status-publish","hentry"],"acf":[],"_links":{"self":[{"href":"https:\/\/graduacao.uel.br\/medicina\/wp-json\/wp\/v2\/pages\/124","targetHints":{"allow":["GET"]}}],"collection":[{"href":"https:\/\/graduacao.uel.br\/medicina\/wp-json\/wp\/v2\/pages"}],"about":[{"href":"https:\/\/graduacao.uel.br\/medicina\/wp-json\/wp\/v2\/types\/page"}],"author":[{"embeddable":true,"href":"https:\/\/graduacao.uel.br\/medicina\/wp-json\/wp\/v2\/users\/6"}],"replies":[{"embeddable":true,"href":"https:\/\/graduacao.uel.br\/medicina\/wp-json\/wp\/v2\/comments?post=124"}],"version-history":[{"count":4,"href":"https:\/\/graduacao.uel.br\/medicina\/wp-json\/wp\/v2\/pages\/124\/revisions"}],"predecessor-version":[{"id":323,"href":"https:\/\/graduacao.uel.br\/medicina\/wp-json\/wp\/v2\/pages\/124\/revisions\/323"}],"wp:attachment":[{"href":"https:\/\/graduacao.uel.br\/medicina\/wp-json\/wp\/v2\/media?parent=124"}],"curies":[{"name":"wp","href":"https:\/\/api.w.org\/{rel}","templated":true}]}}