{"id":127,"date":"2024-02-21T16:32:34","date_gmt":"2024-02-21T19:32:34","guid":{"rendered":"https:\/\/graduacao.uel.br\/psicologia\/?page_id=127"},"modified":"2024-03-05T13:30:15","modified_gmt":"2024-03-05T16:30:15","slug":"empresa-junior","status":"publish","type":"page","link":"https:\/\/graduacao.uel.br\/psicologia\/empresa-junior\/","title":{"rendered":"Empresa J\u00fanior"},"content":{"rendered":"\n<p>A <strong><a href=\"https:\/\/www.instagram.com\/eloconsultoria\/\">Elo Consultoria<\/a><\/strong> \u00e9 uma Empresa J\u00fanior &#8211; associa\u00e7\u00e3o civil sem fins lucrativos, fundada e gerida exclusivamente por estudantes de gradua\u00e7\u00e3o de psicologia da Universidade Estadual de Londrina. <\/p>\n\n\n\n<p>Fundada em 2003, presta servi\u00e7os e desenvolve projetos na \u00e1rea de gest\u00e3o de pessoas para diversas empresas, entidades e sociedade em geral. <\/p>\n\n\n\n<p>Conta com uma equipe capacitada e estruturada, al\u00e9m do aux\u00edlio de professores e profissionais especializados. Atende micro e pequenas empresas do mercado. <\/p>\n\n\n\n<p>Gra\u00e7as ao seu v\u00ednculo acad\u00eamico, tem acesso aos mais recentes conhecimentos e modelos de atua\u00e7\u00e3o no \u00e2mbito da Gest\u00e3o de Pessoas, o que lhe garante estar sempre atualizada. <\/p>\n","protected":false},"excerpt":{"rendered":"<p>A Elo Consultoria \u00e9 uma Empresa J\u00fanior &#8211; associa\u00e7\u00e3o civil sem fins lucrativos, fundada e gerida exclusivamente por estudantes de gradua\u00e7\u00e3o de psicologia da Universidade Estadual de Londrina. Fundada em 2003, presta servi\u00e7os e desenvolve projetos na \u00e1rea de gest\u00e3o de pessoas para diversas empresas, entidades e sociedade em geral. Conta com uma equipe capacitada [&hellip;]<\/p>\n","protected":false},"author":6,"featured_media":0,"parent":0,"menu_order":0,"comment_status":"closed","ping_status":"closed","template":"","meta":{"_acf_changed":false,"footnotes":""},"class_list":["post-127","page","type-page","status-publish","hentry"],"acf":[],"_links":{"self":[{"href":"https:\/\/graduacao.uel.br\/psicologia\/wp-json\/wp\/v2\/pages\/127","targetHints":{"allow":["GET"]}}],"collection":[{"href":"https:\/\/graduacao.uel.br\/psicologia\/wp-json\/wp\/v2\/pages"}],"about":[{"href":"https:\/\/graduacao.uel.br\/psicologia\/wp-json\/wp\/v2\/types\/page"}],"author":[{"embeddable":true,"href":"https:\/\/graduacao.uel.br\/psicologia\/wp-json\/wp\/v2\/users\/6"}],"replies":[{"embeddable":true,"href":"https:\/\/graduacao.uel.br\/psicologia\/wp-json\/wp\/v2\/comments?post=127"}],"version-history":[{"count":5,"href":"https:\/\/graduacao.uel.br\/psicologia\/wp-json\/wp\/v2\/pages\/127\/revisions"}],"predecessor-version":[{"id":264,"href":"https:\/\/graduacao.uel.br\/psicologia\/wp-json\/wp\/v2\/pages\/127\/revisions\/264"}],"wp:attachment":[{"href":"https:\/\/graduacao.uel.br\/psicologia\/wp-json\/wp\/v2\/media?parent=127"}],"curies":[{"name":"wp","href":"https:\/\/api.w.org\/{rel}","templated":true}]}}