{"id":144,"date":"2024-02-23T09:56:19","date_gmt":"2024-02-23T12:56:19","guid":{"rendered":"https:\/\/graduacao.uel.br\/psicologia\/?page_id=144"},"modified":"2024-03-05T13:32:59","modified_gmt":"2024-03-05T16:32:59","slug":"grupo-de-bateria","status":"publish","type":"page","link":"https:\/\/graduacao.uel.br\/psicologia\/grupo-de-bateria\/","title":{"rendered":"Bateria"},"content":{"rendered":"\n<p><strong>Bateria Unidos do Div\u00e3<\/strong>: discentes do Curso de Psicologia ensaiam no bloco da bateria e realizam apresenta\u00e7\u00f5es culturais em eventos dentro e fora da universidade.<\/p>\n\n\n\n<p>Para mais informa\u00e7\u00f5es sobre o Grupo de Bateria, <strong><a href=\"https:\/\/www.facebook.com\/unidosdodiva\">clique aqui<\/a><\/strong>.<\/p>\n","protected":false},"excerpt":{"rendered":"<p>Bateria Unidos do Div\u00e3: discentes do Curso de Psicologia ensaiam no bloco da bateria e realizam apresenta\u00e7\u00f5es culturais em eventos dentro e fora da universidade. Para mais informa\u00e7\u00f5es sobre o Grupo de Bateria, clique aqui.<\/p>\n","protected":false},"author":6,"featured_media":0,"parent":0,"menu_order":0,"comment_status":"closed","ping_status":"closed","template":"","meta":{"_acf_changed":false,"footnotes":""},"class_list":["post-144","page","type-page","status-publish","hentry"],"acf":[],"_links":{"self":[{"href":"https:\/\/graduacao.uel.br\/psicologia\/wp-json\/wp\/v2\/pages\/144","targetHints":{"allow":["GET"]}}],"collection":[{"href":"https:\/\/graduacao.uel.br\/psicologia\/wp-json\/wp\/v2\/pages"}],"about":[{"href":"https:\/\/graduacao.uel.br\/psicologia\/wp-json\/wp\/v2\/types\/page"}],"author":[{"embeddable":true,"href":"https:\/\/graduacao.uel.br\/psicologia\/wp-json\/wp\/v2\/users\/6"}],"replies":[{"embeddable":true,"href":"https:\/\/graduacao.uel.br\/psicologia\/wp-json\/wp\/v2\/comments?post=144"}],"version-history":[{"count":5,"href":"https:\/\/graduacao.uel.br\/psicologia\/wp-json\/wp\/v2\/pages\/144\/revisions"}],"predecessor-version":[{"id":267,"href":"https:\/\/graduacao.uel.br\/psicologia\/wp-json\/wp\/v2\/pages\/144\/revisions\/267"}],"wp:attachment":[{"href":"https:\/\/graduacao.uel.br\/psicologia\/wp-json\/wp\/v2\/media?parent=144"}],"curies":[{"name":"wp","href":"https:\/\/api.w.org\/{rel}","templated":true}]}}