{"id":107,"date":"2024-06-17T17:33:15","date_gmt":"2024-06-17T20:33:15","guid":{"rendered":"https:\/\/graduacao.uel.br\/quimica\/?page_id=107"},"modified":"2024-06-18T11:21:00","modified_gmt":"2024-06-18T14:21:00","slug":"centro-academico-ca","status":"publish","type":"page","link":"https:\/\/graduacao.uel.br\/quimica\/centro-academico-ca\/","title":{"rendered":"Centro Acad\u00eamico (CA)"},"content":{"rendered":"\n<p>O Centro Acad\u00eamico de Qu\u00edmica da UEL (CAQUI) \u00e9 a entidade estudantil que representa os estudantes dos Cursos de Qu\u00edmica da UEL, constituindo-se em um canal direto e permanente de contato com os estudantes do curso. <\/p>\n\n\n\n<p>Atualmente, o CAQUI \u00e9 presidido pelo estudante Murilo Carrilho Siqueira, do curso de Bacharelado. O CAQUI tem participado ativamente das atividades da semana de recep\u00e7\u00e3o dos novos ingressantes dos cursos de Qu\u00edmica, bem como na integra\u00e7\u00e3o e socializa\u00e7\u00e3o dos estudantes.<\/p>\n\n\n\n<p>Clique em <a href=\"https:\/\/www.instagram.com\/caqui_uel\"><strong>saiba mais<\/strong><\/a>.<\/p>\n","protected":false},"excerpt":{"rendered":"<p>O Centro Acad\u00eamico de Qu\u00edmica da UEL (CAQUI) \u00e9 a entidade estudantil que representa os estudantes dos Cursos de Qu\u00edmica da UEL, constituindo-se em um canal direto e permanente de contato com os estudantes do curso. Atualmente, o CAQUI \u00e9 presidido pelo estudante Murilo Carrilho Siqueira, do curso de Bacharelado. O CAQUI tem participado ativamente [&hellip;]<\/p>\n","protected":false},"author":8,"featured_media":0,"parent":0,"menu_order":0,"comment_status":"closed","ping_status":"closed","template":"","meta":{"_acf_changed":false,"footnotes":""},"class_list":["post-107","page","type-page","status-publish","hentry"],"acf":[],"_links":{"self":[{"href":"https:\/\/graduacao.uel.br\/quimica\/wp-json\/wp\/v2\/pages\/107","targetHints":{"allow":["GET"]}}],"collection":[{"href":"https:\/\/graduacao.uel.br\/quimica\/wp-json\/wp\/v2\/pages"}],"about":[{"href":"https:\/\/graduacao.uel.br\/quimica\/wp-json\/wp\/v2\/types\/page"}],"author":[{"embeddable":true,"href":"https:\/\/graduacao.uel.br\/quimica\/wp-json\/wp\/v2\/users\/8"}],"replies":[{"embeddable":true,"href":"https:\/\/graduacao.uel.br\/quimica\/wp-json\/wp\/v2\/comments?post=107"}],"version-history":[{"count":3,"href":"https:\/\/graduacao.uel.br\/quimica\/wp-json\/wp\/v2\/pages\/107\/revisions"}],"predecessor-version":[{"id":129,"href":"https:\/\/graduacao.uel.br\/quimica\/wp-json\/wp\/v2\/pages\/107\/revisions\/129"}],"wp:attachment":[{"href":"https:\/\/graduacao.uel.br\/quimica\/wp-json\/wp\/v2\/media?parent=107"}],"curies":[{"name":"wp","href":"https:\/\/api.w.org\/{rel}","templated":true}]}}