{"id":109,"date":"2024-06-17T17:35:01","date_gmt":"2024-06-17T20:35:01","guid":{"rendered":"https:\/\/graduacao.uel.br\/quimica\/?page_id=109"},"modified":"2024-06-18T11:20:28","modified_gmt":"2024-06-18T14:20:28","slug":"empresa-junior","status":"publish","type":"page","link":"https:\/\/graduacao.uel.br\/quimica\/empresa-junior\/","title":{"rendered":"Empresa J\u00fanior"},"content":{"rendered":"\n<p>A <strong>Elementos Empresa J\u00fanior de Qu\u00edmica<\/strong> foi criada em julho de 2021 com o objetivo de estimular e proporcionar qualifica\u00e7\u00f5es aos estudantes universit\u00e1rios com a finalidade de formar profissionais qualificados que se destaquem no mercado de trabalho.<\/p>\n\n\n\n<p>A coordena\u00e7\u00e3o da EJ est\u00e1 a cargo da professora Carla Cristina Perez e conta ainda, com a participa\u00e7\u00e3o de outros quatro docentes como membros colaboradores. Atualmente, a empresa \u00e9 presidida pelo aluno Lucas Langaro da Silva, estudante do curso de Bacharelado, e a vice-presidente Andressa Prado de Andrade, estudante do curso de Licenciatura, al\u00e9m de outros integrantes de ambos os cursos. <\/p>\n\n\n\n<p>Dentre as principais atividades, a Empresa J\u00fanior desenvolve trabalhos de presta\u00e7\u00e3o de servi\u00e7os e consultorias especializadas na \u00e1rea de Qu\u00edmica.<\/p>\n\n\n\n<p><a href=\"https:\/\/www.instagram.com\/elementos.ej\" target=\"_blank\" rel=\"noreferrer noopener\"><strong>Saiba mais<\/strong><\/a>.<\/p>\n","protected":false},"excerpt":{"rendered":"<p>A Elementos Empresa J\u00fanior de Qu\u00edmica foi criada em julho de 2021 com o objetivo de estimular e proporcionar qualifica\u00e7\u00f5es aos estudantes universit\u00e1rios com a finalidade de formar profissionais qualificados que se destaquem no mercado de trabalho. A coordena\u00e7\u00e3o da EJ est\u00e1 a cargo da professora Carla Cristina Perez e conta ainda, com a participa\u00e7\u00e3o [&hellip;]<\/p>\n","protected":false},"author":8,"featured_media":0,"parent":0,"menu_order":0,"comment_status":"closed","ping_status":"closed","template":"","meta":{"_acf_changed":false,"footnotes":""},"class_list":["post-109","page","type-page","status-publish","hentry"],"acf":[],"_links":{"self":[{"href":"https:\/\/graduacao.uel.br\/quimica\/wp-json\/wp\/v2\/pages\/109","targetHints":{"allow":["GET"]}}],"collection":[{"href":"https:\/\/graduacao.uel.br\/quimica\/wp-json\/wp\/v2\/pages"}],"about":[{"href":"https:\/\/graduacao.uel.br\/quimica\/wp-json\/wp\/v2\/types\/page"}],"author":[{"embeddable":true,"href":"https:\/\/graduacao.uel.br\/quimica\/wp-json\/wp\/v2\/users\/8"}],"replies":[{"embeddable":true,"href":"https:\/\/graduacao.uel.br\/quimica\/wp-json\/wp\/v2\/comments?post=109"}],"version-history":[{"count":3,"href":"https:\/\/graduacao.uel.br\/quimica\/wp-json\/wp\/v2\/pages\/109\/revisions"}],"predecessor-version":[{"id":128,"href":"https:\/\/graduacao.uel.br\/quimica\/wp-json\/wp\/v2\/pages\/109\/revisions\/128"}],"wp:attachment":[{"href":"https:\/\/graduacao.uel.br\/quimica\/wp-json\/wp\/v2\/media?parent=109"}],"curies":[{"name":"wp","href":"https:\/\/api.w.org\/{rel}","templated":true}]}}