{"id":115,"date":"2024-06-17T17:38:45","date_gmt":"2024-06-17T20:38:45","guid":{"rendered":"https:\/\/graduacao.uel.br\/quimica\/?page_id=115"},"modified":"2024-06-18T11:22:45","modified_gmt":"2024-06-18T14:22:45","slug":"grupo-pet","status":"publish","type":"page","link":"https:\/\/graduacao.uel.br\/quimica\/grupo-pet\/","title":{"rendered":"Grupo PET"},"content":{"rendered":"\n<p>O <strong>PETQUI <\/strong>foi recentemente criado por meio do Programa de Apoio \u00e0 Educa\u00e7\u00e3o Tutorial (PRO-PET), de acordo com o edital PROGRAD 25\/2024.<\/p>\n\n\n\n<p>As atividades s\u00e3o coordenadas pela tutora Carla Cristina Perez e participam do projeto 12 alunos bolsista, sendo 6 do curso de Licenciatura e 6 do curso de Bacharelado. <\/p>\n\n\n\n<p>O Grupo PETQUI pretende promover e implementar a\u00e7\u00f5es que colaborem para a forma\u00e7\u00e3o ampla e de qualidade acad\u00eamica dos alunos de gradua\u00e7\u00e3o envolvidos direta ou indiretamente com o programa. <\/p>\n\n\n\n<p>Atrav\u00e9s de atividades de ensino, pesquisa e extens\u00e3o, estimulando o desenvolvimento de condutas que reforcem a cidadania e a consci\u00eancia social, promovendo a integra\u00e7\u00e3o social de todos os participantes com a comunidade universit\u00e1ria e com a sociedade na sua diversidade cultural, favorecendo uma forma\u00e7\u00e3o acad\u00eamica multicultural ao mesmo tempo que rigorosa, visando a melhoria dos cursos de gradua\u00e7\u00e3o.<\/p>\n","protected":false},"excerpt":{"rendered":"<p>O PETQUI foi recentemente criado por meio do Programa de Apoio \u00e0 Educa\u00e7\u00e3o Tutorial (PRO-PET), de acordo com o edital PROGRAD 25\/2024. As atividades s\u00e3o coordenadas pela tutora Carla Cristina Perez e participam do projeto 12 alunos bolsista, sendo 6 do curso de Licenciatura e 6 do curso de Bacharelado. O Grupo PETQUI pretende promover [&hellip;]<\/p>\n","protected":false},"author":8,"featured_media":0,"parent":0,"menu_order":0,"comment_status":"closed","ping_status":"closed","template":"","meta":{"_acf_changed":false,"footnotes":""},"class_list":["post-115","page","type-page","status-publish","hentry"],"acf":[],"_links":{"self":[{"href":"https:\/\/graduacao.uel.br\/quimica\/wp-json\/wp\/v2\/pages\/115","targetHints":{"allow":["GET"]}}],"collection":[{"href":"https:\/\/graduacao.uel.br\/quimica\/wp-json\/wp\/v2\/pages"}],"about":[{"href":"https:\/\/graduacao.uel.br\/quimica\/wp-json\/wp\/v2\/types\/page"}],"author":[{"embeddable":true,"href":"https:\/\/graduacao.uel.br\/quimica\/wp-json\/wp\/v2\/users\/8"}],"replies":[{"embeddable":true,"href":"https:\/\/graduacao.uel.br\/quimica\/wp-json\/wp\/v2\/comments?post=115"}],"version-history":[{"count":3,"href":"https:\/\/graduacao.uel.br\/quimica\/wp-json\/wp\/v2\/pages\/115\/revisions"}],"predecessor-version":[{"id":147,"href":"https:\/\/graduacao.uel.br\/quimica\/wp-json\/wp\/v2\/pages\/115\/revisions\/147"}],"wp:attachment":[{"href":"https:\/\/graduacao.uel.br\/quimica\/wp-json\/wp\/v2\/media?parent=115"}],"curies":[{"name":"wp","href":"https:\/\/api.w.org\/{rel}","templated":true}]}}