{"id":41,"date":"2024-06-05T15:45:42","date_gmt":"2024-06-05T18:45:42","guid":{"rendered":"https:\/\/graduacao.uel.br\/quimica\/?page_id=41"},"modified":"2024-06-17T17:51:58","modified_gmt":"2024-06-17T20:51:58","slug":"bacharelado-ppc","status":"publish","type":"page","link":"https:\/\/graduacao.uel.br\/quimica\/bacharelado-ppc\/","title":{"rendered":"Bacharelado (PPC)"},"content":{"rendered":"\n<p>O primeiro curso entrou em funcionamento em 16\/02\/73. <\/p>\n\n\n\n<p>Em 1979, o curso passou por reformula\u00e7\u00e3o (Resolu\u00e7\u00e3o 523\/79- DEL) e foi reaberto nas modalidades de Licenciatura e Bacharelado, sendo que esta \u00faltima foi autorizada a funcionar pelo parecer n\u00b0 325\/79 do Conselho Federal de Educa\u00e7\u00e3o transcrito \u00e0 p\u00e1gina 60 da Documenta n\u00b0 220. <\/p>\n\n\n\n<p>As Resolu\u00e7\u00f5es 3.088\/96 e 3.089\/96 de 04\/12\/1996 criaram o Curso de Qu\u00edmica Integral &#8211; Habilita\u00e7\u00e3o Bacharelado (sem e com op\u00e7\u00e3o em Qu\u00edmica Tecnol\u00f3gica), sendo o mesmo criado pela Resolu\u00e7\u00e3o 523\/79-UEL e autorizado a funcionar pelo parecer n\u00b0 325\/79 do Conselho Federal de Educa\u00e7\u00e3o transcrito \u00e0 p\u00e1gina 60 da Documenta n\u00b0 220. <\/p>\n\n\n\n<p>Em 2005, a Resolu\u00e7\u00e3o CEPE n\u00b0 47\/2005 aprovou a reformula\u00e7\u00e3o do Projeto Pol\u00edtico-Pedag\u00f3gico do Curso Bacharelado em Qu\u00edmica e Op\u00e7\u00e3o em Qu\u00edmica Tecnol\u00f3gica. <\/p>\n\n\n\n<p>Em 2006, as ementas de disciplinas do Curr\u00edculo Pleno de curso de Bacharelado e Licenciatura em Qu\u00edmica, foram alteradas atrav\u00e9s da Delibera\u00e7\u00e3o da C\u00e2mara de Gradua\u00e7\u00e3o n\u00b0 06\/2006. <\/p>\n\n\n\n<p>Entre os anos de 2007 e 2009, o Curso de Bacharelado em Qu\u00edmica e op\u00e7\u00e3o em Qu\u00edmica Tecnol\u00f3gica passou por adequa\u00e7\u00f5es curriculares por meio das Delibera\u00e7\u00f5es da C\u00e2mara de Gradua\u00e7\u00e3o n\u00b0 072\/2007, n\u00b0 26\/2008 e n\u00b0 36\/2009. <\/p>\n\n\n\n<p>Em 2013, o curso de Bacharelado em Qu\u00edmica com Atribui\u00e7\u00e3o Tecnol\u00f3gica passou por uma reformula\u00e7\u00e3o promulgada pela Resolu\u00e7\u00e3o CEPE\/CA 56\/2013 sendo que no \u00faltimo ano do curso foram adicionadas quatro diferentes \u00eanfases e o regime do curso adotado a partir de ent\u00e3o foi o Cr\u00e9dito Anual (Resolu\u00e7\u00e3o CEPE 086\/2010). O discente no terceiro ano do curso poderia ent\u00e3o optar por cumprir 240 horas em disciplinas que conferiria ao mesmo a \u00eanfase em Qu\u00edmica e Ambiente, Qu\u00edmica de Alimentos, Qu\u00edmica de Materiais ou Qu\u00edmica Avan\u00e7ada.<\/p>\n\n\n\n<p>A atual proposta, promulgada pela Resolu\u00e7\u00e3o CEPE\/CA 82\/2021, visou a modifica\u00e7\u00e3o na estrutura vigente do curso que decorreu da verifica\u00e7\u00e3o de inadequa\u00e7\u00f5es da estrutura anterior e ainda adequa\u00e7\u00e3o por for\u00e7a de legisla\u00e7\u00e3o, ap\u00f3s a oferta regular de todas as atividades previstas no Projeto Pedag\u00f3gico do Curso (PPC) respectivo. <\/p>\n\n\n\n<p>A reforma curricular compreende al\u00e9m das atividades acad\u00eamicas obrigat\u00f3rias, a realiza\u00e7\u00e3o de 120 horas de atividades complementares e 260 horas de atividades extensionistas preconizadas pela atual legisla\u00e7\u00e3o, uma disciplina optativa sobre a L\u00edngua Brasileira de Sinais &#8211; Libras, al\u00e9m de uma disciplina de Ciclo de Semin\u00e1rios que compreende conte\u00fado a ser abordado em Educa\u00e7\u00e3o em Direitos Humanos, Diversidade Etnico-Racial e de G\u00e9nero, Educa\u00e7\u00e3o Ambiental, Educa\u00e7\u00e3o Inclusiva e Cultura Afro-ind\u00edgena, foram inclu\u00eddas.<\/p>\n\n\n\n<p><\/p>\n\n\n\n<div class=\"wp-block-buttons is-content-justification-center is-layout-flex wp-container-core-buttons-is-layout-16018d1d wp-block-buttons-is-layout-flex\">\n<div class=\"wp-block-button\"><a class=\"wp-block-button__link has-primary-accent-background-color has-background wp-element-button\" href=\"https:\/\/sites.uel.br\/prograd\/graduacao\/projetos-pedagogicos\/projetos-pedagogicos-quimica-bacharelado\/\" target=\"_blank\" rel=\"noreferrer noopener\">Resolu\u00e7\u00f5es e Delibera\u00e7\u00f5es<\/a><\/div>\n<\/div>\n\n\n\n<div class=\"wp-block-columns is-layout-flex wp-container-core-columns-is-layout-9d6595d7 wp-block-columns-is-layout-flex\">\n<div class=\"wp-block-column is-layout-flow wp-block-column-is-layout-flow\"><\/div>\n<\/div>\n\n\n\n<div class=\"wp-block-pb-accordion-item c-accordion__item js-accordion-item no-js\" data-initially-open=\"false\" data-click-to-close=\"true\" data-auto-close=\"true\" data-scroll=\"false\" data-scroll-offset=\"0\"><h5 id=\"at-410\" class=\"c-accordion__title js-accordion-controller\" role=\"button\">DEPARTAMENTO<\/h5><div id=\"ac-410\" class=\"c-accordion__content\">\n<p>O Departamento, subunidade dos Centros de Estudos, constitui-se na menor estrutura de organiza\u00e7\u00e3o administrativa, did\u00e1tico cient\u00edfica e de lota\u00e7\u00e3o de pessoal.<br>No Departamento s\u00e3o reunidas atividades acad\u00eamicas afins e nele est\u00e3o integrados docentes e t\u00e9cnico administrativos para objetivos comuns. (Art. 122 do Regimento Geral da UEL).<\/p>\n<\/div><\/div>\n\n\n\n<div class=\"wp-block-pb-accordion-item c-accordion__item js-accordion-item no-js\" data-initially-open=\"false\" data-click-to-close=\"true\" data-auto-close=\"true\" data-scroll=\"false\" data-scroll-offset=\"0\"><h5 id=\"at-411\" class=\"c-accordion__title js-accordion-controller\" role=\"button\">COLEGIADO<\/h5><div id=\"ac-411\" class=\"c-accordion__content\">\n<p>Os Colegiados de cursos de gradua\u00e7\u00e3o exercem a coordena\u00e7\u00e3o pedag\u00f3gica dos cursos e ser\u00e3o constitu\u00eddos por representantes docentes da \u00e1rea principal de conhecimento e da \u00e1rea b\u00e1sica e\/ou complementar de conhecimento, estudantes e servidores, na forma prevista nos \u00a72\u00ba e \u00a73\u00ba do Art. 27 do Estatuto da Universidade. (Art. alterado atrav\u00e9s da Resolu\u00e7\u00e3o CU 168\/2007).<\/p>\n<\/div><\/div>\n\n\n\n<div class=\"wp-block-pb-accordion-item c-accordion__item js-accordion-item no-js\" data-initially-open=\"false\" data-click-to-close=\"true\" data-auto-close=\"true\" data-scroll=\"false\" data-scroll-offset=\"0\"><h5 id=\"at-412\" class=\"c-accordion__title js-accordion-controller\" role=\"button\"><strong>N\u00daCLEO DOCENTE ESTRUTURANTE (NDE)<\/strong><\/h5><div id=\"ac-412\" class=\"c-accordion__content\">\n<p>O NDE institui-se como parte da estrutura de gest\u00e3o acad\u00eamica do curso com atribui\u00e7\u00f5es consultivas, propositivas e de assessoria, acerca de mat\u00e9rias de natureza acad\u00eamica e pedag\u00f3gica, sendo correspons\u00e1vel pela elabora\u00e7\u00e3o, implementa\u00e7\u00e3o e consolida\u00e7\u00e3o do Projeto Pedag\u00f3gico do Curso (PPC), al\u00e9m de zelar pelo cumprimento das Diretrizes Curriculares Nacionais (DCNs). Tem como objetivos:<\/p>\n\n\n\n<p>1 \u2013 Levantar dificuldades na atua\u00e7\u00e3o do corpo docente do Curso;<\/p>\n\n\n\n<p>2 \u2013 Auxiliar na elabora\u00e7\u00e3o e no acompanhamento do PPC;<\/p>\n\n\n\n<p>3 \u2013 Propor programas ou outras formas de capacita\u00e7\u00e3o docente;<\/p>\n\n\n\n<p>4 \u2013 Acompanhar as avalia\u00e7\u00f5es do Curso definidas pelo Colegiado;<\/p>\n\n\n\n<p>5 \u2013 Analisar e propor modifica\u00e7\u00f5es, quando necess\u00e1rias;<\/p>\n\n\n\n<p>6 \u2013 Indicar formas de incentivo ao desenvolvimento de atividades de pesquisa;<\/p>\n\n\n\n<p>7 \u2013 Contribuir para a concretiza\u00e7\u00e3o do perfil profissional;<\/p>\n\n\n\n<p>8 \u2013 Zelar pelo cumprimento das DCNs aplic\u00e1veis ao Curso de Qu\u00edmica.<\/p>\n\n\n\n<p><\/p>\n<\/div><\/div>\n","protected":false},"excerpt":{"rendered":"<p>O primeiro curso entrou em funcionamento em 16\/02\/73. Em 1979, o curso passou por reformula\u00e7\u00e3o (Resolu\u00e7\u00e3o 523\/79- DEL) e foi reaberto nas modalidades de Licenciatura e Bacharelado, sendo que esta \u00faltima foi autorizada a funcionar pelo parecer n\u00b0 325\/79 do Conselho Federal de Educa\u00e7\u00e3o transcrito \u00e0 p\u00e1gina 60 da Documenta n\u00b0 220. As Resolu\u00e7\u00f5es 3.088\/96 [&hellip;]<\/p>\n","protected":false},"author":8,"featured_media":0,"parent":0,"menu_order":0,"comment_status":"closed","ping_status":"closed","template":"","meta":{"_acf_changed":false,"footnotes":""},"class_list":["post-41","page","type-page","status-publish","hentry"],"acf":[],"_links":{"self":[{"href":"https:\/\/graduacao.uel.br\/quimica\/wp-json\/wp\/v2\/pages\/41","targetHints":{"allow":["GET"]}}],"collection":[{"href":"https:\/\/graduacao.uel.br\/quimica\/wp-json\/wp\/v2\/pages"}],"about":[{"href":"https:\/\/graduacao.uel.br\/quimica\/wp-json\/wp\/v2\/types\/page"}],"author":[{"embeddable":true,"href":"https:\/\/graduacao.uel.br\/quimica\/wp-json\/wp\/v2\/users\/8"}],"replies":[{"embeddable":true,"href":"https:\/\/graduacao.uel.br\/quimica\/wp-json\/wp\/v2\/comments?post=41"}],"version-history":[{"count":2,"href":"https:\/\/graduacao.uel.br\/quimica\/wp-json\/wp\/v2\/pages\/41\/revisions"}],"predecessor-version":[{"id":124,"href":"https:\/\/graduacao.uel.br\/quimica\/wp-json\/wp\/v2\/pages\/41\/revisions\/124"}],"wp:attachment":[{"href":"https:\/\/graduacao.uel.br\/quimica\/wp-json\/wp\/v2\/media?parent=41"}],"curies":[{"name":"wp","href":"https:\/\/api.w.org\/{rel}","templated":true}]}}

<p>O primeiro curso entrou em funcionamento em 16/02/73. </p>



<p>Em 1979, o curso passou por reformulação (Resolução 523/79- DEL) e foi reaberto nas modalidades de Licenciatura e Bacharelado, sendo que esta última foi autorizada a funcionar pelo parecer n° 325/79 do Conselho Federal de Educação transcrito à página 60 da Documenta n° 220. </p>



<p>As Resoluções 3.088/96 e 3.089/96 de 04/12/1996 criaram o Curso de Química Integral &#8211; Habilitação Bacharelado (sem e com opção em Química Tecnológica), sendo o mesmo criado pela Resolução 523/79-UEL e autorizado a funcionar pelo parecer n° 325/79 do Conselho Federal de Educação transcrito à página 60 da Documenta n° 220. </p>



<p>Em 2005, a Resolução CEPE n° 47/2005 aprovou a reformulação do Projeto Político-Pedagógico do Curso Bacharelado em Química e Opção em Química Tecnológica. </p>



<p>Em 2006, as ementas de disciplinas do Currículo Pleno de curso de Bacharelado e Licenciatura em Química, foram alteradas através da Deliberação da Câmara de Graduação n° 06/2006. </p>



<p>Entre os anos de 2007 e 2009, o Curso de Bacharelado em Química e opção em Química Tecnológica passou por adequações curriculares por meio das Deliberações da Câmara de Graduação n° 072/2007, n° 26/2008 e n° 36/2009. </p>



<p>Em 2013, o curso de Bacharelado em Química com Atribuição Tecnológica passou por uma reformulação promulgada pela Resolução CEPE/CA 56/2013 sendo que no último ano do curso foram adicionadas quatro diferentes ênfases e o regime do curso adotado a partir de então foi o Crédito Anual (Resolução CEPE 086/2010). O discente no terceiro ano do curso poderia então optar por cumprir 240 horas em disciplinas que conferiria ao mesmo a ênfase em Química e Ambiente, Química de Alimentos, Química de Materiais ou Química Avançada.</p>



<p>A atual proposta, promulgada pela Resolução CEPE/CA 82/2021, visou a modificação na estrutura vigente do curso que decorreu da verificação de inadequações da estrutura anterior e ainda adequação por força de legislação, após a oferta regular de todas as atividades previstas no Projeto Pedagógico do Curso (PPC) respectivo. </p>



<p>A reforma curricular compreende além das atividades acadêmicas obrigatórias, a realização de 120 horas de atividades complementares e 260 horas de atividades extensionistas preconizadas pela atual legislação, uma disciplina optativa sobre a Língua Brasileira de Sinais &#8211; Libras, além de uma disciplina de Ciclo de Seminários que compreende conteúdo a ser abordado em Educação em Direitos Humanos, Diversidade Etnico-Racial e de Género, Educação Ambiental, Educação Inclusiva e Cultura Afro-indígena, foram incluídas.</p>



<p></p>



<div class="wp-block-buttons is-content-justification-center is-layout-flex wp-container-core-buttons-is-layout-16018d1d wp-block-buttons-is-layout-flex">
<div class="wp-block-button"><a class="wp-block-button__link has-primary-accent-background-color has-background wp-element-button" href="https://sites.uel.br/prograd/graduacao/projetos-pedagogicos/projetos-pedagogicos-quimica-bacharelado/" target="_blank" rel="noreferrer noopener">Resoluções e Deliberações</a></div>
</div>



<div class="wp-block-columns is-layout-flex wp-container-core-columns-is-layout-9d6595d7 wp-block-columns-is-layout-flex">
<div class="wp-block-column is-layout-flow wp-block-column-is-layout-flow"></div>
</div>



<div class="wp-block-pb-accordion-item c-accordion__item js-accordion-item no-js" data-initially-open="false" data-click-to-close="true" data-auto-close="true" data-scroll="false" data-scroll-offset="0"><h5 id="at-410" class="c-accordion__title js-accordion-controller" role="button">DEPARTAMENTO</h5><div id="ac-410" class="c-accordion__content">
<p>O Departamento, subunidade dos Centros de Estudos, constitui-se na menor estrutura de organização administrativa, didático científica e de lotação de pessoal.<br>No Departamento são reunidas atividades acadêmicas afins e nele estão integrados docentes e técnico administrativos para objetivos comuns. (Art. 122 do Regimento Geral da UEL).</p>
</div></div>



<div class="wp-block-pb-accordion-item c-accordion__item js-accordion-item no-js" data-initially-open="false" data-click-to-close="true" data-auto-close="true" data-scroll="false" data-scroll-offset="0"><h5 id="at-411" class="c-accordion__title js-accordion-controller" role="button">COLEGIADO</h5><div id="ac-411" class="c-accordion__content">
<p>Os Colegiados de cursos de graduação exercem a coordenação pedagógica dos cursos e serão constituídos por representantes docentes da área principal de conhecimento e da área básica e/ou complementar de conhecimento, estudantes e servidores, na forma prevista nos §2º e §3º do Art. 27 do Estatuto da Universidade. (Art. alterado através da Resolução CU 168/2007).</p>
</div></div>



<div class="wp-block-pb-accordion-item c-accordion__item js-accordion-item no-js" data-initially-open="false" data-click-to-close="true" data-auto-close="true" data-scroll="false" data-scroll-offset="0"><h5 id="at-412" class="c-accordion__title js-accordion-controller" role="button"><strong>NÚCLEO DOCENTE ESTRUTURANTE (NDE)</strong></h5><div id="ac-412" class="c-accordion__content">
<p>O NDE institui-se como parte da estrutura de gestão acadêmica do curso com atribuições consultivas, propositivas e de assessoria, acerca de matérias de natureza acadêmica e pedagógica, sendo corresponsável pela elaboração, implementação e consolidação do Projeto Pedagógico do Curso (PPC), além de zelar pelo cumprimento das Diretrizes Curriculares Nacionais (DCNs). Tem como objetivos:</p>



<p>1 – Levantar dificuldades na atuação do corpo docente do Curso;</p>



<p>2 – Auxiliar na elaboração e no acompanhamento do PPC;</p>



<p>3 – Propor programas ou outras formas de capacitação docente;</p>



<p>4 – Acompanhar as avaliações do Curso definidas pelo Colegiado;</p>



<p>5 – Analisar e propor modificações, quando necessárias;</p>



<p>6 – Indicar formas de incentivo ao desenvolvimento de atividades de pesquisa;</p>



<p>7 – Contribuir para a concretização do perfil profissional;</p>



<p>8 – Zelar pelo cumprimento das DCNs aplicáveis ao Curso de Química.</p>



<p></p>
</div></div>

<p>O primeiro curso entrou em funcionamento em 16/02/73. Em 1979, o curso passou por reformulação (Resolução 523/79- DEL) e foi reaberto nas modalidades de Licenciatura e Bacharelado, sendo que esta última foi autorizada a funcionar pelo parecer n° 325/79 do Conselho Federal de Educação transcrito à página 60 da Documenta n° 220. As Resoluções 3.088/96 [&hellip;]</p>
