{"id":26,"date":"2024-07-03T20:39:23","date_gmt":"2024-07-03T23:39:23","guid":{"rendered":"https:\/\/graduacao.uel.br\/servico-social\/?page_id=26"},"modified":"2024-07-08T21:18:32","modified_gmt":"2024-07-09T00:18:32","slug":"matriz-curricular","status":"publish","type":"page","link":"https:\/\/graduacao.uel.br\/servico-social\/matriz-curricular\/","title":{"rendered":"Matriz Curricular"},"content":{"rendered":"\n<p>Para os estudantes que\u00a0<strong>ingressaram antes de 2023<\/strong>, a Matriz Curricular vigente \u00e9 a seguinte:\u00a0<strong><a href=\"https:\/\/sites.uel.br\/prograd\/wp-content\/uploads\/catalogo_cursos\/2022\/organizacao_curricular\/servico_social_matutino.pdf\" target=\"_blank\" rel=\"noreferrer noopener\">Matutino<\/a><\/strong>\u00a0ou\u00a0<strong><a href=\"https:\/\/sites.uel.br\/prograd\/wp-content\/uploads\/catalogo_cursos\/2022\/organizacao_curricular\/servico_social_noturno.pdf\" target=\"_blank\" rel=\"noreferrer noopener\">Noturno<\/a><\/strong>.<\/p>\n\n\n\n<p><strong>A partir de 2023<\/strong>, ap\u00f3s reformula\u00e7\u00e3o curricular do Projeto Pedag\u00f3gico do Curso de Servi\u00e7o Social, pela\u00a0<a href=\"https:\/\/sites.uel.br\/prograd\/wp-content\/uploads\/documentos\/resolucoes\/2022\/resolucao_71_22.pdf\" target=\"_blank\" rel=\"noreferrer noopener\"><\/a><a href=\"https:\/\/sites.uel.br\/prograd\/wp-content\/uploads\/documentos\/resolucoes\/2022\/resolucao_21_22.pdf\" target=\"_blank\" rel=\"noreferrer noopener\">Resolu\u00e7\u00e3o CEPE\/CA n\u00ba 21\/2022<\/a>,<\/p>\n\n\n\n<p>a Matriz Curricular vigente passou a ser a seguinte:\u00a0<strong><a href=\"https:\/\/sites.uel.br\/prograd\/wp-content\/uploads\/catalogo_cursos\/2023\/organizacao_curricular\/servico_social_matutino.pdf\" target=\"_blank\" rel=\"noreferrer noopener\">Matutino<\/a><\/strong>\u00a0ou\u00a0<strong><a href=\"https:\/\/sites.uel.br\/prograd\/wp-content\/uploads\/catalogo_cursos\/2023\/organizacao_curricular\/servico_social_noturno.pdf\" target=\"_blank\" rel=\"noreferrer noopener\">Noturno<\/a><\/strong>.<\/p>\n","protected":false},"excerpt":{"rendered":"<p>Para os estudantes que\u00a0ingressaram antes de 2023, a Matriz Curricular vigente \u00e9 a seguinte:\u00a0Matutino\u00a0ou\u00a0Noturno. A partir de 2023, ap\u00f3s reformula\u00e7\u00e3o curricular do Projeto Pedag\u00f3gico do Curso de Servi\u00e7o Social, pela\u00a0Resolu\u00e7\u00e3o CEPE\/CA n\u00ba 21\/2022, a Matriz Curricular vigente passou a ser a seguinte:\u00a0Matutino\u00a0ou\u00a0Noturno.<\/p>\n","protected":false},"author":8,"featured_media":0,"parent":0,"menu_order":0,"comment_status":"closed","ping_status":"closed","template":"","meta":{"_acf_changed":false,"footnotes":""},"class_list":["post-26","page","type-page","status-publish","hentry"],"acf":[],"_links":{"self":[{"href":"https:\/\/graduacao.uel.br\/servico-social\/wp-json\/wp\/v2\/pages\/26","targetHints":{"allow":["GET"]}}],"collection":[{"href":"https:\/\/graduacao.uel.br\/servico-social\/wp-json\/wp\/v2\/pages"}],"about":[{"href":"https:\/\/graduacao.uel.br\/servico-social\/wp-json\/wp\/v2\/types\/page"}],"author":[{"embeddable":true,"href":"https:\/\/graduacao.uel.br\/servico-social\/wp-json\/wp\/v2\/users\/8"}],"replies":[{"embeddable":true,"href":"https:\/\/graduacao.uel.br\/servico-social\/wp-json\/wp\/v2\/comments?post=26"}],"version-history":[{"count":2,"href":"https:\/\/graduacao.uel.br\/servico-social\/wp-json\/wp\/v2\/pages\/26\/revisions"}],"predecessor-version":[{"id":70,"href":"https:\/\/graduacao.uel.br\/servico-social\/wp-json\/wp\/v2\/pages\/26\/revisions\/70"}],"wp:attachment":[{"href":"https:\/\/graduacao.uel.br\/servico-social\/wp-json\/wp\/v2\/media?parent=26"}],"curies":[{"name":"wp","href":"https:\/\/api.w.org\/{rel}","templated":true}]}}